091650?
0
What is the tens digit of 341201051?
5
What is the hundred thousands digit of 313791840?
7
What is the hundred millions digit of 134550730?
1
What is the hundred thousands digit of 5170157979?
1
What is the thousands digit of 846477351?
7
What is the billions digit of 1108820358?
1
What is the units digit of 173890392?
2
What is the hundred thousands digit of 23134017?
1
What is the hundreds digit of 71287660?
6
What is the hundred thousands digit of 120737310?
7
What is the thousands digit of 74029253?
9
What is the units digit of 29759470?
0
What is the hundreds digit of 67975450?
4
What is the tens digit of 43628671?
7
What is the tens digit of 354984943?
4
What is the ten millions digit of 149620324?
4
What is the hundreds digit of 47560663?
6
What is the millions digit of 3185576814?
5
What is the thousands digit of 108480375?
0
What is the thousands digit of 3709172925?
2
What is the thousands digit of 1509683732?
3
What is the ten thousands digit of 207163800?
6
What is the ten millions digit of 42180753?
4
What is the tens digit of 50764171?
7
What is the ten thousands digit of 1182858040?
5
What is the thousands digit of 163204015?
4
What is the ten thousands digit of 48204816?
0
What is the millions digit of 6284293657?
4
What is the hundred thousands digit of 337255213?
2
What is the hundred millions digit of 2866042719?
8
What is the ten millions digit of 4277978937?
7
What is the hundred thousands digit of 3359533621?
5
What is the thousands digit of 5526118429?
8
What is the ten thousands digit of 654448472?
4
What is the hundred millions digit of 113684758?
1
What is the ten thousands digit of 1380616481?
1
What is the millions digit of 38381182?
8
What is the units digit of 61041878?
8
What is the units digit of 1061017879?
9
What is the ten millions digit of 1674634628?
7
What is the millions digit of 213946502?
3
What is the units digit of 233463075?
5
What is the millions digit of 237561394?
7
What is the thousands digit of 1006054503?
4
What is the units digit of 5888259796?
6
What is the ten thousands digit of 44637493?
3
What is the millions digit of 2626472431?
6
What is the ten millions digit of 63795344?
6
What is the units digit of 316779323?
3
What is the hundreds digit of 645508828?
8
What is the ten thousands digit of 48699918?
9
What is the tens digit of 113937669?
6
What is the hundreds digit of 291282836?
8
What is the hundred thousands digit of 2982076669?
0
What is the tens digit of 56215892?
9
What is the tens digit of 17189099?
9
What is the tens digit of 3169632619?
1
What is the millions digit of 39801959?
9
What is the units digit of 168245380?
0
What is the hundreds digit of 1333143?
1
What is the millions digit of 523976259?
3
What is the ten millions digit of 1140772322?
4
What is the thousands digit of 32751096?
1
What is the ten thousands digit of 49730970?
3
What is the hundred thousands digit of 1292473913?
4
What is the millions digit of 4655310975?
5
What is the tens digit of 294676670?
7
What is the hundred millions digit of 896082570?
8
What is the tens digit of 12157189?
8
What is the millions digit of 776797533?
6
What is the thousands digit of 358706117?
6
What is the thousands digit of 2776486564?
6
What is the hundred thousands digit of 47214183?
2
What is the hundred millions digit of 3830944117?
8
What is the units digit of 63737867?
7
What is the ten millions digit of 2833155535?
3
What is the hundred thousands digit of 38140707?
1
What is the hundreds digit of 2093480959?
9
What is the billions digit of 2199120675?
2
What is the tens digit of 557233305?
0
What is the millions digit of 5047748198?
7
What is the hundreds digit of 460818423?
4
What is the hundred millions digit of 2338374035?
3
What is the tens digit of 861196004?
0
What is the hundreds digit of 702938402?
4
What is the units digit of 2426192?
2
What is the thousands digit of 2928879087?
9
What is the thousands digit of 66838255?
8
What is the millions digit of 487460380?
7
What is the thousands digit of 68419047?
9
What is the units digit of 69206078?
8
What is the hundred millions digit of 4348899511?
3
What is the units digit of 769307882?
2
What is the thousands digit of 212246304?
6
What is the units digit of 45548854?
4
What is the ten thousands digit of 171212948?
1
What is the hundred millions digit of 3840371410?
8
What is the thousands digit of 7703701?
3
What is the tens digit of 41519407?
0
What is the ten thousands digit of 8649814?
4
What is the hundred millions digit of 380890364?
3
What is the ten thousands digit of 20077848?
7
What is the hundred millions digit of 941045937?
9
What is the tens digit of 24184889?
8
What is the thousands digit of 10866394?
6
What is the millions digit of 19499242?
9
What is the units digit of 31880171?
1
What is the thousands digit of 1183546911?
6
What is the hundreds digit of 34620623?
6
What is the tens digit of 4642999194?
9
What is the ten millions digit of 225496076?
2
What is the ten thousands digit of 202936819?
3
What is the thousands digit of 18097410?
7
What is the units digit of 145625643?
3
What is the thousands digit of 5986035413?
5
What is the units digit of 777254689?
9
What is the hundred thousands digit of 2049206544?
2
What is the thousands digit of 1503195?
3
What is the thousands digit of 926698003?
8
What is the hundred thousands digit of 17384750?
3
What is the units digit of 1324179427?
7
What is the hundreds digit of 98024810?
8
What is the ten millions digit of 39620495?
3
What is the hundred millions digit of 904236626?
9
What is the tens digit of 31798155?
5
What is the thousands digit of 417572830?
2
What is the hundred thousands digit of 173497225?
4
What is the hundred millions digit of 408990826?
4
What is the millions digit of 178993090?
8
What is the millions digit of 532724158?
2
What is the thousands digit of 65972905?
2
What is the billions digit of 2023437163?
2
What is the millions digit of 257603271?
7
What is the millions digit of 1636639717?
6
What is the ten thousands digit of 276543527?
4
What is the millions digit of 1585089185?
5
What is the ten millions digit of 24055466?
2
What is the tens digit of 8948095?
9
What is the tens digit of 46515363?
6
What is the hundred thousands digit of 46248919?
2
What is the hundreds digit of 71192148?
1
What is the units digit of 20849189?
9
What is the ten millions digit of 23081693?
2
What is the tens digit of 471539961?
6
What is the thousands digit of 38409685?
9
What is the units digit of 36294701?
1
What is the units digit of 1865086770?
0
What is the ten thousands digit of 75417561?
1
What is the ten millions digit of 3231013047?
3
What is the hundreds digit of 132215736?
7
What is the hundreds digit of 609985739?
7
What is the thousands digit of 87105943?
5
What is the hundreds digit of 4377107?
1
What is the hundred millions digit of 183664464?
1
What is the ten millions digit of 2569081591?
6
What is the hundreds digit of 47404779?
7
What is the millions digit of 3217148960?
7
What is the thousands digit of 459994491?
4
What is the millions digit of 173625471?
3
What is the hundreds digit of 567145961?
9
What is the units digit of 154057375?
5
What is the thousands digit of 5730127?
0
What is the millions digit of 102735202?
2
What is the ten millions digit of 6311614135?
1
What is the hundreds digit of 2237440865?
8
What is the hundred thousands digit of 16333912?
3
What is the units digit of 1804922438?
8
What is the units digit of 112928524?
4
What is the units digit of 281493971?
1
What is the thousands digit of 268529952?
9
What is the thousands digit of 205234117?
4
What is the hundreds digit of 147824762?
7
What is the hundred thousands digit of 500361745?
3
What is the tens digit of 1377053841?
4
What is the ten thousands digit of 61104633?
0
What is the hundreds digit of 79272864?
8
What is the hundreds digit of 620866490?
4
What is the ten millions digit of 4967822379?
6
What is the hundreds digit of 8698229098?
0
What is the millions digit of 195204113?
5
What is the tens digit of 145784760?
6
What is the thousands digit of 5316555702?
5
What is the hundred thousands digit of 1126017217?
0
What is the tens digit of 759774?
7
What is the hundred thousands d